c?
-18d9cc
In base 16, what is 50a9 + 22?
50cb
In base 3, what is 1 - 20022211110100?
-20022211110022
In base 12, what is -1278bb7 - -56?
-1278b61
In base 10, what is 2159136 - -74?
2159210
In base 16, what is 6c + b714d?
b71b9
In base 11, what is -4 + -1492a47?
-1492a50
In base 2, what is -110010111000001 + 100100110101001?
-1110000011000
In base 12, what is -2 + 10726597?
10726595
In base 13, what is 33 - 989148?
-989115
In base 11, what is -4a993316 - -7?
-4a99330a
In base 16, what is -49b - -931df?
92d44
In base 7, what is 6012263314 + 5?
6012263322
In base 14, what is -8501 - 508?
-8a09
In base 14, what is 2 + -146c8cb2?
-146c8cb0
In base 14, what is -16d256b + 3?
-16d2568
In base 11, what is -7307a - 117?
-73196
In base 5, what is -3443 + 144424300?
144420302
In base 14, what is -5 + 3d23b3d?
3d23b38
In base 7, what is -1455 + 3016?
1231
In base 2, what is -10110101001110000000 + -1100110101?
-10110101011010110101
In base 7, what is -54654251 - 134?
-54654415
In base 14, what is 50a - 119508?
-118ddc
In base 11, what is a0 + 20378?
20468
In base 4, what is -1 + -131113310?
-131113311
In base 16, what is 297f + -1890?
10ef
In base 8, what is -1107 + 131753?
130644
In base 14, what is 103 - 117924?
-117821
In base 3, what is -11 - -220112011021021002?
220112011021020221
In base 15, what is 40 + -436285?
-436245
In base 14, what is -b30 + -7786?
-84b6
In base 12, what is 30 - -60597?
60607
In base 10, what is 1 + 2812858?
2812859
In base 9, what is 3 + 18126642?
18126645
In base 14, what is -2c3a096 + a?
-2c3a08a
In base 7, what is 3 + 562124361?
562124364
In base 13, what is 64b9c08 + 1?
64b9c09
In base 8, what is -1675603 + -10?
-1675613
In base 4, what is -2313012303 + -12313?
-2313031222
In base 7, what is -44005 + -102313?
-146321
In base 14, what is 142158a + -4a?
1421540
In base 3, what is 102010101 + -11021010?
20212021
In base 2, what is -100110101100100 + -101111111110?
-101100101100010
In base 13, what is -360871 + 6?
-360868
In base 7, what is -104546420 + 10?
-104546410
In base 9, what is -4 - 12134187?
-12134202
In base 12, what is 3495468 + 0?
3495468
In base 15, what is -280cae6 - -2?
-280cae4
In base 5, what is 3224104244034 + -1?
3224104244033
In base 9, what is 7330 - 170654?
-162324
In base 14, what is -15961a + b?
-15960d
In base 6, what is 24113 + 3014?
31131
In base 3, what is 210110211202 - 212002?
210102222200
In base 7, what is -45333653 + -1?
-45333654
In base 14, what is -6acc0c1 - 4?
-6acc0c5
In base 14, what is 5110b10 + -2?
5110b0c
In base 3, what is -222011011 + 11001?
-222000010
In base 4, what is 20132100033022 - 2?
20132100033020
In base 11, what is -a75a912 + 0?
-a75a912
In base 5, what is 32222414 + -30?
32222334
In base 8, what is 56455414 - -5?
56455421
In base 14, what is -a95bc1 - 5?
-a95bc6
In base 7, what is -4261 + -446340?
-453631
In base 2, what is -100111110 + -10001101111101010?
-10001110100101000
In base 9, what is 21283442 - -1?
21283443
In base 9, what is -77342721 - -7?
-77342713
In base 15, what is -2c6c14 + -7?
-2c6c1b
In base 2, what is 1000 - -10111011001011001110110?
10111011001011001111110
In base 16, what is 305f3 + -7dd?
2fe16
In base 11, what is 156503 + 37?
15653a
In base 12, what is -18 - 1ab98?
-1abb4
In base 16, what is -a36dd + 11d?
-a35c0
In base 2, what is -101110110101001 + 1001000100110001?
11001110001000
In base 10, what is -1140 + 7201?
6061
In base 14, what is 6216142 - -3?
6216145
In base 10, what is 8 + -4202957?
-4202949
In base 16, what is 237df + -49?
23796
In base 4, what is -101 + -133010121023?
-133010121130
In base 10, what is -5 - 2046012?
-2046017
In base 14, what is 1 + -923887?
-923886
In base 10, what is -63458683 - 3?
-63458686
In base 15, what is 1632abd - -5?
1632ac3
In base 12, what is 73971 + -20?
73951
In base 16, what is f - 8d074a?
-8d073b
In base 6, what is -4 + -23445422321?
-23445422325
In base 3, what is -2011 - -200222000122212?
200222000120201
In base 7, what is 1153221335 - -12?
1153221350
In base 2, what is -10001110000 + 10111110101110101?
10111100100000101
In base 5, what is -144 - 30404213?
-30404412
In base 8, what is -167642 + -136?
-170000
In base 4, what is -2311323103 + 2231?
-2311320212
In base 7, what is 2 - 6255330051?
-6255330046
In base 11, what is 3943 + 1134?
4a77
In base 10, what is 14970696 - 2?
14970694
In base 15, what is 9 + 58159c?
5815a6
In base 4, what is 3303030 + 100022?
10003112
In base 13, what is -202411 + -b5?
-2024c6
In base 3, what is 202211201101 - -2?
202211201110
In base 16, what is -3 - -1a51cf?
1a51cc
In base 9, what is -14024024 - 87?
-14024122
In base 10, what is 44 - 4187906?
-4187862
In base 10, what is -5 - -209337401?
209337396
In base 10, what is 4 - -262661?
262665
In base 7, what is -25253215 + 1123?
-25252062
In base 15, what is 256b + 10c5?
3641
In base 13, what is -5 + 7c16b85?
7c16b80
In base 15, what is 253eee91 - -5?
253eee96
In base 3, what is 22120222 - -110100?
100001022
In base 7, what is 566145 - 266?
565546
In base 5, what is 104243 + -34223?
20020
In base 15, what is -c35ce89 + -2?
-c35ce8b
In base 15, what is -1a0 - 366?
-516
In base 11, what is -17137 + 4884?
-12363
In base 2, what is 11100100101 + 10010000100100?
10101101001001
In base 2, what is 11001001001001100 + -110010100?
11001000010111000
In base 3, what is 21020010120111 + -12?
21020010120022
In base 3, what is -121 - 1002211021212?
-1002211022110
In base 8, what is 51 - -120421?
120472
In base 12, what is 26b110 - -1?
26b111
In base 9, what is 2 + 34215252?
34215254
In base 15, what is -13 - -799b8?
799a5
In base 3, what is 1110 - -102112120220111?
102112120221221
In base 9, what is 4 - -2058410?
2058414
In base 12, what is 5b80b + -2221?
595aa
In base 16, what is -65e7 + -113?
-66fa
In base 9, what is -22 - -3035371?
3035348
In base 4, what is 303 + -13330323220?
-13330322311
In base 13, what is 6912053a + -1?
69120539
In base 2, what is -1011110000111 + 111101001001?
-100000111110
In base 6, what is 12112224 + -450?
12111334
In base 3, what is -21122021 - -10022100211?
10000201120
In base 5, what is 41432 + -10110?
31322
In base 15, what is b7b552e - -1?
b7b5530
In base 5, what is 11 + -2041104?
-2041043
In base 8, what is -77 - -4071740?
4071641
In base 15, what is -1a973935 + 0?
-1a973935
In base 3, what is 1222102102200220 + -11?
1222102102200202
In base 10, what is 12877240 + -4?
12877236
In base 13, what is 33 + -a1001?
-a0c9b
In base 8, what is -1113152 + 52?
-1113100
In base 6, what is -100431100 + 5?
-100431051
In base 7, what is 302254053 - -4?
302254060
In base 4, what is 30332 - 200322302?
-200231310
In base 2, what is -100111001110010000011101100 + -101?
-100111001110010000011110001
In base 10, what is 53 + 52171?
52224
In base 12, what is -16615 + 62?
-16573
In base 2, what is -11000000110110010111000 + -11?
-11000000110110010111011
In base 13, what is 2 + 230c929?
230c92b
In base 10, what is 9208 - -67?
9275
In base 7, what is -434 - 105042621?
-105043355
In base 11, what is aa + 217748?
217847
In base 15, what is 185b2 - 65?
1854c
In base 12, what is -15b91744 + 5?
-15b9173b
In base 16, what is -8f0 - -ea2?
5b2
In base 5, what is 3014402422 - 0?
3014402422
In base 10, what is 529 + -212197?
-211668
In base 6, what is 11431 - -13403?
25234
In base 14, what is -6000 + 5a1?
-583d
In base 16, what is -f - a362c1?
-a362d0
In base 12, what is -13a - 3749?
-3887
In base 10, what is 83813 + -56?
83757
In base 2, what is 100000111000000 + -111111011100111?
-11110100100111
In base 10, what is -62 + -528?
-590
In base 13, what is -570 + 308?
-265
In base 5, what is -3101 + 21440012?
21431411
In base 15, what is 21 - -d191b?
d193c
In base 12, what is 27b4611 - 2?
27b460b
In base 13, what is 63b08b - 0?
63b08b
In base 4, what is -2020 - -10203220232?
10203212212
In base 8, what is -5514 - -7265?
1551
In base 3, what is 12201020210 + -10100101?
12120220102
In base 6, what is -12443214311 + -5?
-12443214320
In base 6, what is 21141320 - 431?
21140445
In base 11, what is 63658a - -1?
636590
In base 16, what is -350d9 + -ee?
-351c7
In base 16, what is 5 - 4f707?
-4f702
In base 15, what is -462ca - -27ba?
-43a10
In base 11, what is -176342a + -73?
-17634a2
In base 10, what is 28 + 50487630?
50487658
In base 2, what i